t l(m) = -3*m + 4. Let t be (-3 + 0)/(1*-1). Let d be l(t). Let g = d - -25. What is the greatest common divisor of 8 and g?
4
Let q be 2/4 + 20/8. Suppose -2*l + q = -15. Let y = 11 - -16. What is the greatest common factor of l and y?
9
Let m be 14 + -17 + (2 - 0) + 7. Let t(z) = -z**3 + z**2 - z + 54. Let o be t(0). Calculate the highest common divisor of o and m.
6
Let v(n) = n - 1. Let q(b) = b - 1. Let g(a) = 2*q(a) - 3*v(a). Let y be g(-4). Calculate the greatest common factor of 5 and y.
5
Let a = -387 - -239. Let p = a + 268. What is the greatest common divisor of 48 and p?
24
Let y = 33 + -25. What is the highest common divisor of 64 and y?
8
Let d be (-6 + 3)*(-10)/6. Suppose 0 = -2*h + 3*p + 87, -2*h + 40 = 2*p - 52. Calculate the highest common factor of h and d.
5
Let t be 47*3 - (-4 - (0 - 5)). What is the greatest common factor of 28 and t?
28
Let o(f) = f**3 - 4*f**2 + f - 2. Let t be o(4). Suppose -t*s + 3*s + 8 = -3*k, -4*s = -5*k - 53. Calculate the greatest common factor of 49 and s.
7
Let s = -62 - -82. What is the greatest common divisor of s and 12?
4
Suppose 2*r + 4 = 6*r. Calculate the greatest common divisor of r and 2.
1
Let s = 33 - 22. Suppose 0 = -0*p - 3*p + 99. Calculate the highest common divisor of s and p.
11
Let g(s) = s**2 + 8*s - 6. Let z be g(-10). Calculate the highest common factor of z and 70.
14
Let y = 38 + -29. What is the highest common factor of 27 and y?
9
Let o = -23 - -33. Suppose 26 - 6 = 5*k. Suppose 39 + 67 = 2*r - 3*w, -2*w - k = 0. Calculate the greatest common divisor of r and o.
10
Let y(z) = z**2 + 6*z + 11. Let r be y(-11). Calculate the highest common divisor of 6 and r.
6
Let z(b) = 221*b**2 - 2*b + 1. Let u be z(1). What is the greatest common divisor of u and 20?
20
Suppose -5*x + 100 = 5*t, t - 4*x = 4 + 36. Let o(h) = h**2 - 5*h + 2. Let d be o(6). What is the greatest common factor of d and t?
8
Let t be 5 + (1 - (1 - 0)). Let n be t/(-5) - (-6)/2. Suppose n*k = 78 - 18. What is the greatest common divisor of k and 6?
6
Let q(s) = -113*s + 2. Let f be q(-1). What is the highest common factor of f and 46?
23
Let d be 2/(-3) - (-508)/6. Calculate the highest common divisor of 12 and d.
12
Let z be (-18)/(-4) + 6/(-12). Calculate the highest common divisor of z and 4.
4
Suppose 13 = -3*i + 3*a - 4*a, i - 4*a = 0. Let d be 6/i*30/(-9). Let g = d + -3. Calculate the highest common divisor of g and 1.
1
Let b = 11 - 19. Let k = b + 15. Let f(i) = 8*i**2 - 2*i - 3. Let q be f(3). Calculate the greatest common divisor of k and q.
7
Let j be 2 - (-2 - -3 - 1). Suppose 4*y = z - 16, j*z + 3*y = 6*z - 51. Let p = -55 + 67. Calculate the greatest common factor of z and p.
12
Let s be (3/2)/(2/4). Suppose -s*l = 5*m - 72, l + 2 + 6 = m. Suppose -3*w + w + 120 = 0. What is the highest common factor of w and m?
12
Let k = 39 - 38. Let d(c) be the third derivative of 7*c**5/10 - c**4/24 + c**3/6 + c**2. Let r be d(k). Calculate the greatest common divisor of r and 14.
14
Let i(o) be the second derivative of 3*o**5/4 - o**2/2 - 2*o. Let w be i(1). What is the greatest common divisor of 2 and w?
2
Suppose x - 446 + 176 = 0. Suppose 0*g = 5*g - x. Calculate the highest common factor of g and 18.
18
Let r(u) = -2*u + 3. Let h be r(-4). Calculate the greatest common factor of h and 11.
11
Suppose 5*u + 5*n = 15, 3*u - 4*u = -n - 11. Suppose -5*l + 0 = 5. Let r = 2 + l. What is the highest common factor of u and r?
1
Suppose 10 = 3*y - 11. Let s(a) = -a + 9. Let m be s(y). Suppose -3 = -5*z + m. Calculate the highest common factor of z and 1.
1
Suppose 0 = 2*s - 5*v + 2 - 9, -4*v = -20. Suppose -11*t + 7*t + 152 = 4*d, 0 = -4*t - 5*d + 150. What is the greatest common divisor of t and s?
8
Let n be ((-54)/4)/((-11)/66). Suppose 14 = 4*m - 22. Calculate the greatest common factor of n and m.
9
Let r(s) = 62*s**2 - 3*s + 4. Let i be r(1). What is the highest common divisor of 9 and i?
9
Suppose -7 + 4 = -3*p. Let q be (p/(-2) + 0)*-154. What is the greatest common factor of 11 and q?
11
Suppose -506 = -4*v + 22. Suppose h = -3*h + 64. Let d be (36/8)/(6/h). What is the greatest common divisor of v and d?
12
Let f = 12 - -13. Let c be 0*(-7 + 4)/(-9). Suppose 0 = -3*k - 0*k - 4*a + 11, c = 4*k - 4*a - 24. What is the greatest common divisor of f and k?
5
Let v(q) = -3*q + 6. Let g be v(-6). Calculate the greatest common factor of g and 168.
24
Suppose 0 = 4*i + 5*c - 35, i - 6 = 3*c - 7*c. What is the greatest common divisor of i and 15?
5
Let u(q) = -q**3 - 4*q**2 - 2*q + 4. Let y be u(-5). Let o be (0 - -1)*(-4 + 5). Let w be 3/(o - (-46)/(-52)). Calculate the highest common factor of w and y.
13
Let p = 26 - -20. What is the highest common factor of 115 and p?
23
Let g = -32 - -71. Let d = -2 - 0. Let r be (d/(-2))/((-2)/(-26)). Calculate the greatest common factor of g and r.
13
Suppose -6 = 7*u - 9*u. Calculate the greatest common factor of 3 and u.
3
Suppose 2*i + 5*r + 24 = 93, 0 = 5*i + 5*r - 165. Suppose -6*x + 34 = -i. Calculate the greatest common factor of 99 and x.
11
Suppose 3*d - 16 = h, -2*d + 25 = 3*d. Let m = 5 + h. Suppose 2*z - 2*j - 14 = 0, -19 = 2*z - 4*z + j. What is the highest common divisor of z and m?
4
Let a(n) = n**2 + 24*n + 41. Let j be a(-23). What is the highest common divisor of j and 18?
18
Let z(x) = x**3 - 10*x**2 + x - 5. Let s be z(10). What is the highest common divisor of 1 and s?
1
Let r(v) = v + 13. Let h be r(-8). Suppose -2*g + 2*m + 47 = g, 2*g + h*m = 63. What is the highest common divisor of 38 and g?
19
Suppose -5*k - 66 = -3*r, -2*k + 78 = 3*r - 3*k. What is the highest common factor of r and 9?
9
Suppose 0 = 43*d - 40*d - 1176. What is the greatest common factor of 49 and d?
49
Let r(l) = 11*l**2 - l - 14. Let j be r(-3). Calculate the highest common divisor of 11 and j.
11
Suppose -2*o = 34 + 142. Let w be 9/(-6)*o/12. Let x = 78 + -1. Calculate the highest common divisor of w and x.
11
Suppose 11 - 1 = -i + 5*t, -t = -3. Let w = 16 - -9. What is the greatest common divisor of w and i?
5
Let y be (-1)/(-2) + (-94)/(-4). Calculate the greatest common factor of y and 8.
8
Suppose -2*f + 8 = -8. Suppose 2*l + 8 = -5*b + 2, 4*l + b - 6 = 0. Calculate the highest common divisor of f and l.
2
Suppose 5*z + 10 + 0 = -5*q, -3*q - 5*z - 16 = 0. What is the highest common factor of q and 1?
1
Let v(s) = -25 - 2*s + s + 27. Let m be v(-10). What is the greatest common divisor of m and 12?
12
Suppose 6*o - w - 69 = 2*o, w + 5 = 0. Calculate the highest common factor of o and 4.
4
Let y be 2/(-4)*(-9 + -3). Let b = -8 + y. Let i(z) = -5*z - 1. Let h be i(b). Calculate the greatest common divisor of h and 99.
9
Let s be 4/6 + 17/51. Calculate the highest common factor of 1 and s.
1
Let s be 7 - (-6 + 7)*(-2)/2. What is the greatest common divisor of 12 and s?
4
Let n be (-1934)/(-7) - 2/7. Suppose -n = -5*p + 244. What is the highest common factor of 13 and p?
13
Let p be (-2)/(-9) - (-763)/9. Suppose -5*d = -65 - p. Let l = d + -15. Calculate the highest common factor of 165 and l.
15
Let q be 502/7 - (-4)/14. Let i be (-2)/6 + 88/3. Suppose 5*d + 2*k - 44 = 6*k, i = 3*d - 5*k. What is the greatest common factor of q and d?
8
Suppose 2*i - 144 = -2*i. Calculate the greatest common factor of 9 and i.
9
Let a be (-26)/(-1)*(-24)/(-24). Calculate the highest common divisor of 13 and a.
13
Let m be 770/150 + (-2)/15. Suppose -r + 2 = -2*z - m, -3*r + 25 = -2*z. What is the highest common divisor of r and 3?
3
Let z = 25 + -18. Suppose -111 = -5*b + 3*q, -b - 17 = -2*b - 2*q. What is the highest common divisor of z and b?
7
Suppose 0 = 4*r - 0*o + 3*o - 308, 2*o = -8. Let z(t) = -t**3 - 7*t**2 - 8*t - 2. Let c be z(-6). Calculate the greatest common divisor of c and r.
10
Let w = 22 + 10. Let i = w + 12. What is the greatest common divisor of 11 and i?
11
Let t be (-1)/(-1) + 47/1. Let o(u) = 19*u**2 + 4*u + 4. Let j be o(-2). What is the highest common divisor of t and j?
24
Let a = 9 - 4. Suppose 0 = a*u - 57 - 83. Suppose 2*p + 0*p = u. What is the greatest common divisor of 154 and p?
14
Let j(q) = -2*q - 6*q - q**2 - 9 - q. Let h be j(-8). Let t be (1/h)/((-6)/588). Calculate the greatest common factor of t and 14.
14
Suppose 5*p - 166 = 224. Calculate the hi